 z + 70. What are the prime factors of r?
3, 11
Suppose -5*h + 5*o + 4 = -1, -12 = -2*h - 3*o. Suppose -2 = h*x - 20. List the prime factors of x.
2, 3
Suppose 20*s = 23*s - 234. List the prime factors of s.
2, 3, 13
What are the prime factors of ((-33737)/(-22))/(10/4 - 2)?
3067
Suppose 2*g = -z + 4382, -15*g = -14*g + 2*z - 2185. List the prime factors of g.
3, 17, 43
Suppose -2*r + 38 = 30. Suppose -2*o = -4 - 4. Suppose -o*v = -j - 44, -r*v + j - 2*j = -44. What are the prime factors of v?
11
Let t be 242/(-3) - 20/15. Let o = 224 + t. What are the prime factors of o?
2, 71
Let d(n) be the third derivative of n**4/24 - 2*n**3 + 10*n**2. Let b be d(4). What are the prime factors of 10/6*(b - -11)?
5
Suppose 4*r + 0*u = -4*u - 64, 4*u = 4*r + 40. Let f(v) = v**3 + 13*v**2 - 3*v + 27. What are the prime factors of f(r)?
2, 3, 11
Suppose 4*y + 11 = 67. Let t be 168/(-18)*(-36)/y. Suppose 2*i - l = 4*l + t, -i + 4*l + 12 = 0. What are the prime factors of i?
2, 3
Let r be (14/(-4))/((-2)/(-8)). Suppose 40 = -10*q + 20*q. List the prime factors of q/r + (-489)/(-21).
23
What are the prime factors of 8/(-12) + (-1712)/(-12)?
2, 71
Suppose 2*j = -2*j - 576. Let o = 251 + j. Suppose -43 = 2*c - 4*c + 3*n, -n = 4*c - o. What are the prime factors of c?
2, 13
Let b(p) = -6*p**3 + 16*p - 3. List the prime factors of b(-5).
23, 29
Suppose 17*y - 12*y = 1410. What are the prime factors of y?
2, 3, 47
Let o(g) be the first derivative of 2*g**3/3 - 3*g**2 - 4*g - 5. What are the prime factors of o(-2)?
2
Let y = 91 - 64. Let k = y + -24. List the prime factors of k.
3
Let n(j) = 5 + 8*j**3 - 24 + 15*j**2 - 7*j**3 - j. Let s be n(-15). What are the prime factors of 2 + s/(-5 + 1)?
3
Let q be 29/(-2) + (-4 - 7/(-2)). List the prime factors of q/(-45) - (-2)/3*100.
67
Let n = -127 - -129. Suppose -2*r - 2*l + 98 = n*l, -3*r + 146 = 5*l. What are the prime factors of r?
47
Suppose -3*v + 4*u = 361, 5*v = 4*v - 5*u - 114. Let d = -77 - v. Suppose d + 8 = i. List the prime factors of i.
2, 5
Suppose -39*r + 46*r - 42 = 0. Suppose -639 = r*h - 1665. What are the prime factors of h?
3, 19
Suppose -22*g + 10192 = 1502. List the prime factors of g.
5, 79
Let v = 271 - -592. What are the prime factors of v?
863
Let c(o) = o**2 + o + 2. Let j be c(0). Suppose -j*k = -3*g - 220, -240 = -3*k + 2*g + 90. Suppose 4*m = -m + k. List the prime factors of m.
2, 11
Suppose -2*a = 24*a - 111098. List the prime factors of a.
4273
Let m(t) = 2*t**3 + 31*t**2 + 5*t - 55. Let y(c) = c**3 + 15*c**2 + 2*c - 27. Let p(f) = -6*m(f) + 13*y(f). List the prime factors of p(-9).
3, 5
Let k = 315 - 530. Let s = 372 + k. What are the prime factors of s?
157
Let p be (33/6)/((-14)/(-28)). Suppose p*j - 16*j + 445 = 0. List the prime factors of j.
89
Suppose 4*l + 18 = 3*s - 0*s, -3*s + 21 = -5*l. Suppose -3*n + 703 = -s*t, 0 = -2*n - 2*n - t + 930. List the prime factors of n.
233
Suppose 0 = -d - 2*j + 83, 2*j + 427 = 4*d + d. Suppose 13 = 2*x + 9. Suppose -4*l = -b - 68 - d, 5*l = -x*b + 175. List the prime factors of l.
37
Suppose 0 = -x + 4*l, -4*x = -6*x + 4*l + 4. Suppose 3*z - 5*n - 342 = 0, 3*z = 2*n - x*n + 342. List the prime factors of z.
2, 3, 19
Suppose -2*f = 2*c, 3*c + 2*f - 5*f - 30 = 0. Suppose l - 4*l = -3, c*b - 4*l = -209. Let n = -14 - b. List the prime factors of n.
3
Let a = -1418 - -1765. List the prime factors of a.
347
Let t(n) = 20*n**2 + n - 2. Suppose -6 = x + 2*j, 2*x = -j - 2*j - 8. Suppose 3*d - x*b = 1, d - 3*d - b + 3 = 0. What are the prime factors of t(d)?
19
Let u be 1/1 - (0 - 3). Suppose -f + 35 = u*r - r, -2*r = -3*f - 27. Suppose 3*z + r = 2*x + z, -z = -3*x + 10. What are the prime factors of x?
2
Let o be (-10)/(-3)*(-63)/(-14). Let l be 6*16/12*(-2)/(-4). Suppose 7*x - l*x = o. List the prime factors of x.
5
Suppose 2*j = -2*y + 58, -4*j + 28 + 7 = y. Let i be (y/6)/(5/190). Suppose -5*v + 64 + i = 0. List the prime factors of v.
47
Suppose -238 = -2*s + 38. List the prime factors of s.
2, 3, 23
Suppose 24*h = 16*h + 14360. List the prime factors of h.
5, 359
Suppose -4*t = h - 17, 2*t + 24 = 2*h - 0*t. Let z = 79 - h. List the prime factors of z.
2, 3, 11
Let c = -40 + -6. Let n = c + 122. List the prime factors of n.
2, 19
Suppose 3*g = 25 + 23. Let l = g + -11. Suppose -4*r + l*a = -105 - 56, -2*r + 83 = -3*a. List the prime factors of r.
2, 17
Suppose 6*m + 4*y + 10 = m, -3*m - y + 1 = 0. Suppose 4*w = 4*p - 256, -2*p - m*w + 306 = 3*p. What are the prime factors of p?
2, 31
Suppose -4*q + 0*q + 6594 = -2*x, 0 = 3*q + 3*x - 4923. What are the prime factors of q?
2, 823
Suppose 7*n - 4001 - 3216 = 0. What are the prime factors of n?
1031
Let l be 15/2*(-12)/9. Let a be l/(-3 + 0 + 1). Suppose -3*r + a*x = r - 64, 5*r - 3*x = 93. List the prime factors of r.
3, 7
Let a(u) = -5*u**2 + 2*u - 3. Let x be a(3). Let b be (28/x)/((-2)/(-3)). What are the prime factors of b/(-2) - (-94)/4?
2, 3
Let o be (5/3)/5*78. Suppose 4*y - o - 6 = 0. What are the prime factors of y?
2
Let d = -1198 - -1954. What are the prime factors of d?
2, 3, 7
Let g(y) = 2*y**3 + y**2 - 7*y + 4. Let a be g(-6). Let v be a/(-10)*12/(-14). What are the prime factors of ((-204)/v)/(1/5)?
2, 17
Suppose -8*n + 2929 + 759 = 0. List the prime factors of n.
461
Suppose 9*o - 3321 = -32*o. What are the prime factors of o?
3
Let n be ((-102)/9)/((-10)/15). What are the prime factors of 669/51 + (-2)/n?
13
Suppose 2*v - 5*v = -9. Suppose 2*y - 161 = -i, -v*y + 3*i + 325 = 88. What are the prime factors of y?
2, 5
Suppose -5*q = -10 - 0. Suppose -q*o = -128 + 34. List the prime factors of o.
47
Let o = -37 + 132. What are the prime factors of o?
5, 19
Let c(h) = 723*h**3 + h**2 + 1. List the prime factors of c(1).
5, 29
Let u = -568 - -278. Let v = -188 - u. List the prime factors of v.
2, 3, 17
Suppose 3*p - 104 - 181 = 0. Let i = 230 - p. List the prime factors of i.
3, 5
Suppose -13*u = 948 - 2300. What are the prime factors of u?
2, 13
Suppose 2*h = -2*a - 2, -a + 0*h + h + 1 = 0. Suppose 0 = -5*z + 23 + 162. Suppose 4*k - 15 - z = a. List the prime factors of k.
13
Let v(u) = 2*u**2 - 3*u + 4. Let a be v(2). Suppose -a*l + 2*l = 16, -l - 13 = -3*t. Let x = t - 0. What are the prime factors of x?
3
Let i = 228 + -151. What are the prime factors of i?
7, 11
Suppose -16*f = -19*f + 972. What are the prime factors of f?
2, 3
Suppose a + 0*a = 2*x - 4987, 4*a = 5*x - 12472. What are the prime factors of x?
2, 7, 89
Let d(c) = 2*c**2 + 32*c + 26. Let n be d(-16). Suppose -n*h = -34*h + 1288. What are the prime factors of h?
7, 23
Let j(y) = y - 3. Let s be j(4). Let f(m) be the third derivative of 19*m**6/120 - m**5/60 + 7*m**2. List the prime factors of f(s).
2, 3
Suppose 17297 = 23*y + 5084. List the prime factors of y.
3, 59
Let o = 1582 + -439. What are the prime factors of o?
3, 127
Let k(c) = -21*c - 36. Let a(p) = 32*p + 54. Let h(s) = 5*a(s) + 8*k(s). List the prime factors of h(-7).
2, 19
Let s be 1 + (-39)/(0 + -3). Suppose -40 = -2*p - s. Suppose 102 + p = 5*k. What are the prime factors of k?
23
What are the prime factors of ((-1476)/24)/(6/(-8))?
2, 41
Let l(b) = -2*b**3 - 7*b**2 + 7*b - 10. What are the prime factors of l(-8)?
2, 3, 5, 17
Suppose -45*g = -40*g + 545. Let r = g - -269. List the prime factors of r.
2, 5
Let i(y) = -y - 16. Let x be i(-13). Let t = 2 + x. Let q = t - -18. What are the prime factors of q?
17
Let r = 395 + -618. Let z = r - -325. What are the prime factors of z?
2, 3, 17
Let h be (-176 + 0)/(-4)*(-6)/(-3). Suppose 197 = 4*l + j, -l + 3*l = -4*j + h. What are the prime factors of l?
2, 5
Let k be ((-6)/(-3))/(3/9). Suppose -5*b + 72 = 2*t - k*b, -t - 3*b = -22. Suppose 24 = s - 4*v, 5*s - 14 - t = -4*v. What are the prime factors of s?
2, 3
Let d be -1 - (49 + -4 + 6). Let p = 87 + d. List the prime factors of p.
5, 7
Let r = -21 + 60. Suppose 2*w - 5*w = -r. List the prime factors of 1*38 - (16 - w).
5, 7
Suppose g - 9 = -o, -g - 21 = -7*o + 2*o. List the prime factors of (-759)/(-15) - (-2)/o.
3, 17
Let c(a) = 162*a - 434. List the prime factors of c(8).
2, 431
List the prime factors of 436 - (-4 - (-3 + 2 + -3)).
2, 109
Let d = 2125 - 1225. List the prime factors of d.
2, 3, 5
Let n(h) = 8*h**2 + 8. What are the prime factors of n(6)?
2, 3